et b = 275 + -233. Suppose 0 = c + 5*o - 3, -5*c - 4*o + 57 = -b. What is the highest common factor of 184 and c?
23
Suppose -6*h + 3123 = 5*o - 2*h, -o + 3*h = -617. Let p = -447 + o. What is the highest common factor of p and 132?
44
Let r be (-5 + 112/42)*-84. Calculate the highest common divisor of 882 and r.
98
Let y = 11 - 7. Suppose -40 = -q + 5*o, 8 + 16 = 2*q + y*o. Suppose -206 - 17 = -v + m, 3*v = -2*m + 654. Calculate the highest common factor of q and v.
20
Suppose 0 = 23*j - 572242 + 146581. Calculate the highest common factor of 93 and j.
93
Let u(t) = 3*t + 3 + t**2 + 0 + 10*t. Let m be u(-13). Suppose 2*a + 2*d = 510, -4*a + 846 + 160 = -m*d. Calculate the greatest common factor of a and 23.
23
Let l = 774 - 344. Let v = l + 105. Suppose 4*x - 213 = v. Calculate the highest common divisor of x and 17.
17
Suppose -4*l - 2*o + 46 = 0, 3*o + 40 = 4*l - o. Suppose 9*j + 1670 - 512 = 3*k, 0 = -4*k + 5*j + 1593. Calculate the highest common divisor of l and k.
11
Suppose 0*z + 7*z = 0. Suppose z*s - 5*s - 27 = -i, -5*i = -5*s - 55. Let d be 21/(5 + -4 - -2). Calculate the greatest common divisor of d and i.
7
Let v = 444 - 413. Let d = -168 + 261. Calculate the greatest common factor of v and d.
31
Let j(l) = l**3 + l**2 - 28*l + 7. Let a be j(0). Let d be ((-14)/(-6))/((-2)/(-30)). What is the highest common divisor of a and d?
7
Let d be 92/6*(4 + -1). Let o be (555/(-222))/(1 + 186/(-184)). Calculate the greatest common factor of o and d.
46
Let y = 117 - 53. Let n = y - 62. Suppose 3*j + n*j - 2*z = 1150, 0 = -4*z. Calculate the greatest common divisor of j and 10.
10
Let i(j) = -103*j - 1240. Let o be i(-13). Let y(n) = 3*n - 4. Suppose 2*r - 1 = 9. Let v be y(r). Calculate the greatest common divisor of v and o.
11
Suppose -60 = -5*t - 55, -2*n - 3*t = -6943. Calculate the greatest common factor of n and 10.
10
Suppose -2*d = -0 - 8. Suppose -27*h + 17*h = -14*h + 20. Calculate the greatest common factor of d and h.
1
Let a(x) = -2*x**3 - 11*x**2 + 4*x + 22. Let k be a(-8). Suppose z - 4*h - k = -2*z, -z = -2*h - 106. What is the greatest common factor of z and 343?
49
Suppose 4*y - 5*y - 1380 = -16*y. Calculate the highest common divisor of 32 and y.
4
Suppose 4*i = 44, -5*i = -3*q - 506 + 895. Let t be 1 - 1 - 5*-74. What is the highest common factor of t and q?
74
Suppose 7*v - 660 = 2*v. Let o be 9*8/36 - (1 - -1). Suppose -5*i + 22*c = 19*c - 111, -i + 3*c + 15 = o. Calculate the greatest common divisor of i and v.
12
Let k = -59 + 86. Suppose -351 = 36889*y - 36928*y. What is the highest common factor of k and y?
9
Suppose -8*b = 49 + 103. Let f = 10 + b. Let d = 43 - f. Calculate the highest common divisor of d and 4.
4
Let f(h) = 4*h**2 - 24*h + 68. Let i be f(0). What is the highest common factor of 24004 and i?
68
Let j be (-6)/(-4)*(-32)/12. Let v be (-1 - 1) + -2 - j. Suppose -22*x + 16*x + 78 = v. What is the highest common factor of 26 and x?
13
Suppose 139*x - 6037 = 19956. What is the highest common divisor of x and 253?
11
Let g = -14 + 26. Let h be 6/(-10) - (-144)/40. Suppose -r - 5*s = -h*s - 22, 4*r + s = 53. Calculate the greatest common factor of r and g.
12
Let q(b) = 2*b**2 - 80*b + 2160. Let r be q(23). Calculate the highest common divisor of 234 and r.
26
Let f(s) = 16*s**2 + 6*s - 50. Let h be f(5). Let n(k) = -67*k - 7. Let j be n(-1). Calculate the greatest common divisor of j and h.
20
Let n = -53 + 55. Let b be (n/4)/(7/(-154)). Let p = -3 - b. Calculate the highest common factor of p and 40.
8
Let o be (-5)/(-1) + 10948 + (-20)/20. Calculate the highest common divisor of 16 and o.
8
Suppose 0 = k - s + 1 - 2, 0 = -3*k - 4*s + 17. Suppose -144 = -k*l - 15*a + 12*a, 4*a + 72 = 2*l. Calculate the highest common factor of l and 187.
11
Let d(a) = 56*a**3 - a**2 + a - 1. Let t be d(1). Suppose 12185 = 173*z + 9590. What is the highest common factor of z and t?
5
Let u = -17796 + 17911. What is the greatest common factor of u and 25760?
115
Suppose 3*g = 5*g - 476. Let m(x) = -x**2 - 684*x - 4725. Let d be m(-7). What is the highest common divisor of g and d?
14
Suppose 41*h = 13*h + 84700. Calculate the highest common divisor of 121 and h.
121
Suppose 2*d - 135 = 1323. Calculate the highest common divisor of 270 and d.
27
Let m = -10 - 10. Let d = m + 22. Suppose -d = j - 7. What is the greatest common factor of 25 and j?
5
Suppose -2493 = 3*z - 2979. What is the highest common factor of z and 270?
54
Suppose t + 7 = 56. Let c be ((147/(-4))/7)/((-1338)/3568). What is the greatest common divisor of t and c?
7
Let i be (2/4)/((-10)/(-80)). Suppose 9*o - i = 8*o. What is the greatest common divisor of o and 10?
2
Let z be (4 - (-3 + 7)) + (2 - -2). Suppose 277 + 443 = z*q. Calculate the highest common divisor of 36 and q.
36
Let l(n) = 6*n**2 + 112*n + 566. Let c be l(-5). Calculate the greatest common divisor of 516 and c.
12
Let q(s) = 2*s - 7. Let m be q(5). Suppose 505 = m*n - 3*a - 203, 0 = -5*n + 4*a + 1175. Calculate the greatest common divisor of n and 21.
21
Suppose -9*x + 11*x + 2 = 0. Let i be x - -32 - (27/3 + -5). Calculate the greatest common factor of i and 72.
9
Suppose 14*i = -2*i + 3216. Let u = i + 604. Calculate the greatest common divisor of 35 and u.
35
Suppose -2*a + 4*b = -34, -124 = -21*a + 17*a + b. Suppose -x - 15 = -6*x. Calculate the highest common divisor of a and x.
3
Suppose 0 = 186*h - 247*h + 9028. What is the highest common divisor of h and 3737?
37
Let q = -3790 + 5987. Calculate the highest common factor of q and 13.
13
Suppose 44*l + 2649 = 3*r + 40*l, -6 = -l. Calculate the highest common factor of 759 and r.
33
Let p = 77 + -14. Let a = -56 + p. Let c be (1*42/(-3))/(-2). What is the highest common factor of a and c?
7
Let x(k) = -3*k + 12*k**2 + 1 - 6*k**2 + 4 - 1 + 14. Let a be x(9). Calculate the highest common divisor of 53 and a.
53
Let h = -809 + 815. What is the highest common divisor of h and 3138?
6
Suppose c - 2*h - 53 = 0, -4*c = -3*h + h - 206. Let z(q) = 9*q**3 - 4*q**2 - 10*q + 21. Let r be z(4). What is the greatest common divisor of r and c?
17
Let h(r) = 6*r**3 - 84*r**2 + 292*r - 2. Let m be h(8). Calculate the greatest common divisor of m and 8790.
30
Suppose -2*k = -9*k - 126. Let h be k*((-192)/9)/8. Calculate the highest common divisor of h and 18.
6
Let n = -31 - -315. Let l = n + -86. Calculate the highest common factor of 44 and l.
22
Let j = -4266 + 4281. What is the highest common factor of 955 and j?
5
Suppose 0 = -3439*k + 3414*k + 44850. What is the greatest common divisor of k and 1242?
138
Suppose -4*r + 546 = -8*h + 2*h, -3*h = 4*r - 519. What is the greatest common divisor of r and 1232?
44
Let n be 0/(0 - 1) - -120. Let l = 21437 + -21427. What is the greatest common factor of n and l?
10
Let x be 25/165*51651 + 6/66. What is the highest common factor of x and 52?
26
Suppose -280*q + 1238 = -6602. Calculate the highest common divisor of q and 2506.
14
Suppose 0 = 7*f - 18 + 18. Suppose -3*c = -x + 49, -4*x + 0*x + 5*c + 196 = f. Calculate the highest common factor of x and 35.
7
Let d be (2 - 20)/(-2 + 1). Suppose 3*t + 1908 = -2*c + 1974, -4*t + 90 = 2*c. Calculate the highest common factor of d and t.
6
Suppose 2940 = 5*v - 5*l, 0 = 3*v + 4*l + 145 - 1909. What is the highest common factor of v and 1323?
147
Let c be -1 + (1117 - 4) - (-5)/(-3 + 2). What is the highest common divisor of 287 and c?
41
Let c(d) = 7*d - 15. Let q be c(5). Suppose 2225 = -11*v + 16*v. Let t = 625 - v. Calculate the greatest common factor of t and q.
20
Suppose 2*i = 3*a - 122955, 4*a - 7*i + 4*i - 163938 = 0. Calculate the greatest common factor of a and 39.
39
Let t = 28 + -4. Let d be (-2)/(-6) + (-490)/(-42). Suppose 7*l + d*l = 1140. Calculate the greatest common divisor of t and l.
12
Suppose -7*a + 382 = -374. Let t(o) = -o**3 - 3*o**2 + 7*o + 14. Let q be t(-4). Suppose 3 = -q*h + 39. What is the highest common divisor of h and a?
18
Let k = 2098 + -1650. What is the highest common divisor of 160 and k?
32
Suppose 2*d + 12 = 6*d. Let t be 33*1 + (1 - d). Suppose 6*j - j - 3689 = -12*j. Calculate the greatest common factor of t and j.
31
Suppose -10234 - 528 = -4*o + 5*q, -4*o = -q - 10754. Let s be o/90 - 12/(-90). Calculate the great